{"id":4712,"date":"2020-05-15T01:35:37","date_gmt":"2020-05-15T01:35:37","guid":{"rendered":"https:\/\/ehrenfeld.vikz.de\/?page_id=4712"},"modified":"2020-06-04T15:41:51","modified_gmt":"2020-06-04T15:41:51","slug":"cuma-namazi-icin-kayit","status":"publish","type":"page","link":"https:\/\/ehrenfeld.vikz.de\/?page_id=4712","title":{"rendered":"Cuma namaz\u0131 i\u00e7in kay\u0131t"},"content":{"rendered":"<div data-colibri-id=\"4712-c1\" class=\"style-1824 style-local-4712-c1 position-relative\">\n  <!---->\n  <div data-colibri-component=\"section\" data-colibri-id=\"4712-c2\" id=\"reusable-sections-4\" class=\"h-section h-section-global-spacing d-flex align-items-lg-center align-items-md-center align-items-center style-1960 style-local-4712-c2 position-relative\">\n    <!---->\n    <!---->\n    <div class=\"h-section-grid-container h-section-boxed-container\">\n      <!---->\n      <div data-colibri-id=\"4712-c3\" class=\"h-row-container gutters-row-lg-2 gutters-row-md-2 gutters-row-0 gutters-row-v-lg-2 gutters-row-v-md-2 gutters-row-v-2 style-1961 style-local-4712-c3 position-relative\">\n        <!---->\n        <div class=\"h-row justify-content-lg-center justify-content-md-center justify-content-center align-items-lg-stretch align-items-md-stretch align-items-stretch gutters-col-lg-2 gutters-col-md-2 gutters-col-0 gutters-col-v-lg-2 gutters-col-v-md-2 gutters-col-v-2\">\n          <!---->\n          <div class=\"h-column h-column-container d-flex h-col-lg-auto h-col-md-auto h-col-auto style-1962-outer style-local-4712-c4-outer\">\n            <div data-colibri-id=\"4712-c4\" class=\"d-flex h-flex-basis h-column__inner h-px-lg-2 h-px-md-2 h-px-2 v-inner-lg-2 v-inner-md-2 v-inner-2 style-1962 style-local-4712-c4 position-relative\">\n              <!---->\n              <!---->\n              <div class=\"w-100 h-y-container h-column__content h-column__v-align flex-basis-100 align-self-lg-start align-self-md-start align-self-start\">\n                <!---->\n                <div data-colibri-id=\"4712-c5\" class=\"d-block style-2079 style-local-4712-c5 position-relative h-element\">\n                  <!---->\n                  <div class=\"h-image__frame-container-outer\">\n                    <div class=\"h-image__frame-container\">\n                      <!---->\n                      <!---->\n                      <img loading=\"lazy\" decoding=\"async\" width=\"48\" height=\"48\" src=\"https:\/\/ehrenfeld.vikz.de\/wp-content\/uploads\/2020\/05\/turkey.png\" class=\"wp-image-5334 style-2079-image style-local-4712-c5-image\" alt=\"\" \/>\n                      <div class=\"h-image__frame h-hide-lg h-hide-md h-hide-sm style-2079-frameImage style-local-4712-c5-frameImage\"><\/div>\n                    <\/div>\n                  <\/div>\n                <\/div>\n                <div data-colibri-id=\"4712-c6\" class=\"h-global-transition-all h-heading style-1963 style-local-4712-c6 position-relative h-element\">\n                  <!---->\n                  <div class=\"h-heading__outer style-1963 style-local-4712-c6\">\n                    <!---->\n                    <!---->\n                    <h4 class=\"\"><span style=\"font-weight: 300;\">Camilerimiz a\u00e7\u0131l\u0131yor, hasret bitiyor!<\/span><\/h4>\n                  <\/div>\n                <\/div>\n                <div data-colibri-component=\"video\" data-colibri-id=\"4712-c7\" class=\"d-block h-video d-block h-video style-1964 style-local-4712-c7 position-relative h-element\">\n                  <!---->\n                  <!---->\n                  <div class=\"video-container position-relative\">\n                    <div class=\"h-global-transition-all ratio-inner\"><video class='h-video-main' controls  ><source src=https:\/\/ehrenfeld.vikz.de\/wp-content\/uploads\/2020\/05\/8820aa9d-ce33-4a44-951c-0cb06ebf96fa.mp4 type='video\/mp4' \/><\/video><\/div>\n                  <\/div>\n                <\/div>\n              <\/div>\n            <\/div>\n          <\/div>\n        <\/div>\n      <\/div>\n    <\/div>\n  <\/div>\n  <div data-colibri-component=\"section\" data-colibri-id=\"4712-c14\" id=\"overlappable\" class=\"h-section h-section-global-spacing d-flex align-items-lg-center align-items-md-center align-items-center style-1980 style-local-4712-c14 position-relative\">\n    <!---->\n    <!---->\n    <div class=\"h-section-grid-container h-section-boxed-container\">\n      <!---->\n      <div data-colibri-id=\"4712-c15\" class=\"h-row-container gutters-row-lg-0 gutters-row-md-0 gutters-row-0 gutters-row-v-lg-0 gutters-row-v-md-0 gutters-row-v-0 style-1981 style-local-4712-c15 position-relative\">\n        <!---->\n        <div class=\"h-row justify-content-lg-center justify-content-md-center justify-content-center align-items-lg-stretch align-items-md-stretch align-items-stretch gutters-col-lg-0 gutters-col-md-0 gutters-col-0 gutters-col-v-lg-0 gutters-col-v-md-0 gutters-col-v-0\">\n          <!---->\n          <div class=\"h-column h-column-container d-flex h-col-lg-auto h-col-md-auto h-col-auto style-1982-outer style-local-4712-c16-outer\">\n            <div data-colibri-id=\"4712-c16\" class=\"d-flex h-flex-basis h-column__inner h-ui-empty-state-container h-px-lg-0 h-px-md-0 h-px-0 v-inner-lg-0 v-inner-md-0 v-inner-0 style-1982 style-local-4712-c16 position-relative\">\n              <!---->\n              <!---->\n              <div class=\"w-100 h-y-container h-column__content h-column__v-align flex-basis-100\">\n                <!---->\n              <\/div>\n            <\/div>\n          <\/div>\n          <div class=\"h-column h-column-container d-flex h-col-lg-auto h-col-md-auto h-col-auto style-1983-outer style-local-4712-c17-outer\">\n            <div data-colibri-id=\"4712-c17\" class=\"d-flex h-flex-basis h-column__inner h-px-lg-2 h-px-md-2 h-px-2 v-inner-lg-2 v-inner-md-2 v-inner-2 style-1983 style-local-4712-c17 position-relative\">\n              <!---->\n              <!---->\n              <div class=\"w-100 h-y-container h-column__content h-column__v-align flex-basis-100 align-self-lg-center align-self-md-center align-self-center\">\n                <!---->\n                <div data-colibri-id=\"4712-c18\" class=\"h-global-transition-all h-heading style-1984 style-local-4712-c18 position-relative h-element\">\n                  <!---->\n                  <div class=\"h-heading__outer style-1984 style-local-4712-c18\">\n                    <!---->\n                    <!---->\n                    <h4 class=\"\">Cuma NAmazI Kay\u0131t formu<\/h4>\n                  <\/div>\n                <\/div>\n                <div data-colibri-id=\"4712-c19\" class=\"h-text h-text-component style-1985 style-local-4712-c19 position-relative h-element\">\n                  <!---->\n                  <!---->\n                  <div class=\"\">\n                    <p><span style=\"font-family: &quot;Open Sans&quot;; font-size: 16px; color: rgb(70, 112, 127); font-weight: 400;\">Muhterem cemaatimiz, <\/span><\/p>\n                    <p><span style=\"font-family: &quot;Open Sans&quot;; font-size: 16px; color: rgb(70, 112, 127); font-weight: 400;\">belli \u015fartlar alt\u0131nda eda edebilece\u011fimiz cuma namaz\u0131 i\u00e7in altdaki butona basarak kayd\u0131n\u0131z\u0131 yap\u0131n\u0131z, kay\u0131t yap\u0131ld\u0131ktan sonra size E-Posta yoluyla en ge\u00e7 bir g\u00fcn i\u00e7erisinde geri d\u00f6n\u00fclecektir. Anlay\u0131\u015f\u0131n\u0131zdan dolay\u0131 te\u015fekk\u00fcr ederiz.<\/span><\/p>\n                  <\/div>\n                <\/div>\n                <div data-colibri-id=\"4712-c20\" class=\"h-x-container style-1986 style-local-4712-c20 position-relative h-element\">\n                  <!---->\n                  <div class=\"h-x-container-inner style-dynamic-4712-c20-group style-1986-spacing style-local-4712-c20-spacing\"><span class=\"h-button__outer style-1987-outer style-local-4712-c21-outer d-inline-flex h-element\"><a h-use-smooth-scroll=\"true\" href=\"\/?page_id=5037\"  data-colibri-id=\"4712-c21\" class=\"d-flex w-100 align-items-center h-button justify-content-lg-center justify-content-md-center justify-content-center style-1987 style-local-4712-c21 position-relative\"><!----><!----> <span>KAYIT FORMUNA G\u0130TMEK \u0130\u00c7\u0130N TIKLAYIN<\/span><\/a>\n                    <\/span>\n                  <\/div>\n                <\/div>\n              <\/div>\n            <\/div>\n          <\/div>\n        <\/div>\n      <\/div>\n    <\/div>\n  <\/div>\n<\/div>","protected":false},"excerpt":{"rendered":"<p>Camilerimiz a\u00e7\u0131l\u0131yor, hasret bitiyor! Cuma NAmazI Kay\u0131t formu Muhterem cemaatimiz, belli \u015fartlar alt\u0131nda eda edebilece\u011fimiz cuma namaz\u0131 i\u00e7in altdaki butona basarak kayd\u0131n\u0131z\u0131 yap\u0131n\u0131z, kay\u0131t yap\u0131ld\u0131ktan sonra size E-Posta yoluyla en ge\u00e7 bir g\u00fcn i\u00e7erisinde geri d\u00f6n\u00fclecektir. Anlay\u0131\u015f\u0131n\u0131zdan dolay\u0131 te\u015fekk\u00fcr ederiz. KAYIT FORMUNA G\u0130TMEK \u0130\u00c7\u0130N TIKLAYIN<\/p>\n","protected":false},"author":1,"featured_media":0,"parent":54,"menu_order":0,"comment_status":"closed","ping_status":"closed","template":"page-templates\/full-width-page.php","meta":{"_joinchat":[],"footnotes":""},"class_list":["post-4712","page","type-page","status-publish","hentry"],"_links":{"self":[{"href":"https:\/\/ehrenfeld.vikz.de\/index.php?rest_route=\/wp\/v2\/pages\/4712","targetHints":{"allow":["GET"]}}],"collection":[{"href":"https:\/\/ehrenfeld.vikz.de\/index.php?rest_route=\/wp\/v2\/pages"}],"about":[{"href":"https:\/\/ehrenfeld.vikz.de\/index.php?rest_route=\/wp\/v2\/types\/page"}],"author":[{"embeddable":true,"href":"https:\/\/ehrenfeld.vikz.de\/index.php?rest_route=\/wp\/v2\/users\/1"}],"replies":[{"embeddable":true,"href":"https:\/\/ehrenfeld.vikz.de\/index.php?rest_route=%2Fwp%2Fv2%2Fcomments&post=4712"}],"version-history":[{"count":20,"href":"https:\/\/ehrenfeld.vikz.de\/index.php?rest_route=\/wp\/v2\/pages\/4712\/revisions"}],"predecessor-version":[{"id":5427,"href":"https:\/\/ehrenfeld.vikz.de\/index.php?rest_route=\/wp\/v2\/pages\/4712\/revisions\/5427"}],"up":[{"embeddable":true,"href":"https:\/\/ehrenfeld.vikz.de\/index.php?rest_route=\/wp\/v2\/pages\/54"}],"wp:attachment":[{"href":"https:\/\/ehrenfeld.vikz.de\/index.php?rest_route=%2Fwp%2Fv2%2Fmedia&parent=4712"}],"curies":[{"name":"wp","href":"https:\/\/api.w.org\/{rel}","templated":true}]}}