{"id":58,"date":"2020-04-18T14:08:01","date_gmt":"2020-04-18T14:08:01","guid":{"rendered":"http:\/\/ebkv.tombaklar.com\/?page_id=58"},"modified":"2020-04-23T15:13:27","modified_gmt":"2020-04-23T15:13:27","slug":"vakit-namazlari","status":"publish","type":"page","link":"https:\/\/ehrenfeld.vikz.de\/?page_id=58","title":{"rendered":"Vakit namazlar\u0131"},"content":{"rendered":"<div data-colibri-id=\"58-c1\" class=\"style-1216 style-local-58-c1 position-relative\">\n  <!---->\n  <div data-colibri-component=\"section\" data-colibri-id=\"58-c2\" id=\"reusable-sections\" class=\"h-section h-section-global-spacing d-flex align-items-lg-center align-items-md-center align-items-center style-1217 style-local-58-c2 position-relative\">\n    <!---->\n    <!---->\n    <div class=\"h-section-grid-container h-section-boxed-container\">\n      <!---->\n      <div data-colibri-id=\"58-c3\" class=\"h-row-container gutters-row-lg-2 gutters-row-md-2 gutters-row-0 gutters-row-v-lg-2 gutters-row-v-md-2 gutters-row-v-2 style-1218 style-local-58-c3 position-relative\">\n        <!---->\n        <div class=\"h-row justify-content-lg-center justify-content-md-center justify-content-center align-items-lg-stretch align-items-md-stretch align-items-stretch gutters-col-lg-2 gutters-col-md-2 gutters-col-0 gutters-col-v-lg-2 gutters-col-v-md-2 gutters-col-v-2\">\n          <!---->\n          <div class=\"h-column h-column-container d-flex h-col-lg-auto h-col-md-auto h-col-auto style-1219-outer style-local-58-c4-outer\">\n            <div data-colibri-id=\"58-c4\" class=\"d-flex h-flex-basis h-column__inner h-px-lg-2 h-px-md-2 h-px-2 v-inner-lg-2 v-inner-md-2 v-inner-2 style-1219 style-local-58-c4 position-relative\">\n              <!---->\n              <!---->\n              <div class=\"w-100 h-y-container h-column__content h-column__v-align flex-basis-100 align-self-lg-start align-self-md-start align-self-start\">\n                <!---->\n                <div data-colibri-id=\"58-c5\" class=\"h-global-transition-all h-heading style-1220 style-local-58-c5 position-relative h-element\">\n                  <!---->\n                  <!---->\n                  <h1 class=\"\"><span style=\"font-family: Akronim;\">Ayet-i Kerime<\/span><\/h1>\n                <\/div>\n                <div data-colibri-id=\"58-c6\" class=\"h-text h-text-component style-1221 style-local-58-c6 position-relative h-element\">\n                  <!---->\n                  <!---->\n                  <div class=\"\">\n                    <p>\u062a\u0652\u0644\u064f \u0645\u064e\u0627 \u0623\u064f\u0648\u062d\u0650\u064a\u064e \u0625\u0650\u0644\u064e\u064a\u0652\u0643\u064e \u0645\u0650\u0646\u064e \u0627\u0644\u0652\u0643\u0650\u062a\u064e\u0627\u0628\u0650 \u0648\u064e\u0623\u064e\u0642\u0650\u0645\u0650 \u0627\u0644\u0635\u0651\u064e\u0644\u064e\u0627\u0629\u064e&nbsp;\u06d6&nbsp;\u0625\u0650\u0646\u0651\u064e \u0627\u0644\u0635\u0651\u064e\u0644\u064e\u0627\u0629\u064e \u062a\u064e\u0646\u0652\u0647\u064e\u0649\u0670 \u0639\u064e\u0646\u0650 \u0627\u0644\u0652\u0641\u064e\u062d\u0652\u0634\u064e\u0627\u0621\u0650 \u0648\u064e\u0627\u0644\u0652\u0645\u064f\u0646\u0643\u064e\u0631\u0650<\/p>\n                    <p><span style=\"font-weight: 600;\">Sana vahyedilen Kitab\u0131 oku ve namaz\u0131 k\u0131l. Muhakkak ki namaz hayas\u0131zl\u0131ktan ve k\u00f6t\u00fcl\u00fckten al\u0131koyar<\/span>.\n                      <br>Ankebut 29, 45<\/p>\n                  <\/div>\n                <\/div>\n              <\/div>\n            <\/div>\n          <\/div>\n          <div class=\"h-column h-column-container d-flex h-col-lg-auto h-col-md-auto h-col-auto style-1222-outer style-local-58-c7-outer\">\n            <div data-colibri-id=\"58-c7\" class=\"d-flex h-flex-basis h-column__inner h-px-lg-2 h-px-md-2 h-px-2 v-inner-lg-2 v-inner-md-2 v-inner-2 style-1222 style-local-58-c7 position-relative\">\n              <!---->\n              <!---->\n              <div class=\"w-100 h-y-container h-column__content h-column__v-align flex-basis-100 align-self-lg-start align-self-md-start align-self-start\">\n                <!---->\n                <div data-colibri-id=\"58-c8\" class=\"h-global-transition-all h-heading style-1220 style-local-58-c8 position-relative h-element\">\n                  <!---->\n                  <!---->\n                  <h1 class=\"\"><span style=\"font-family: Akronim;\">Hadis-i \u015eerif<\/span><\/h1>\n                <\/div>\n                <div data-colibri-id=\"58-c9\" class=\"h-text h-text-component style-1223 style-local-58-c9 position-relative h-element\">\n                  <!---->\n                  <!---->\n                  <div class=\"\">\n                    <p>&#8220;\u0130bni Mes\u2019ud rad\u0131yallahu anh \u015f\u00f6yle dedi: Res\u00fblullah sallallahu aleyhi ve sellem\u2019e:&nbsp;\u2013 Hangi ameller daha faziletlidir? diye sordum.\n                      <br>\u2013 \u201c<span style=\"font-weight: 600;\">Vaktinde k\u0131l\u0131nan namaz<\/span>\u201d buyurdu.\n                      <br>(Buh\u00e2r\u00ee, Mev\u00e2k\u00eet 5, Mev\u00e2k\u00eet 5, Cih\u00e2d 1, Edeb 1, Tevh\u00eed 48)&#8221;<\/p>\n                  <\/div>\n                <\/div>\n              <\/div>\n            <\/div>\n          <\/div>\n        <\/div>\n      <\/div>\n    <\/div>\n  <\/div>\n  <div data-colibri-component=\"section\" data-colibri-id=\"58-c10\" id=\"about\" class=\"h-section h-section-global-spacing d-flex align-items-lg-center align-items-md-center align-items-center style-1224 style-local-58-c10 position-relative\">\n    <div class=\"background-wrapper\">\n      <div class=\"background-layer background-layer-media-container-lg\">\n        <!---->\n        <div class=\"overlay-layer\">\n          <div class=\"overlay-image-layer\" style=\"background-image: linear-gradient(-90deg, rgb(255, 255, 255) 40%, rgba(69, 58, 148, 0) 40%);\"><\/div>\n        <\/div>\n      <\/div>\n      <div class=\"background-layer background-layer-media-container-md\">\n        <!---->\n        <div class=\"overlay-layer\">\n          <div class=\"overlay-image-layer\" style=\"background-image: linear-gradient(-90deg, rgb(255, 255, 255) 40%, rgba(69, 58, 148, 0) 40%);\"><\/div>\n        <\/div>\n      <\/div>\n      <div class=\"background-layer background-layer-media-container\">\n        <!---->\n        <div class=\"overlay-layer\">\n          <div class=\"overlay-image-layer\" style=\"background-image: linear-gradient(-90deg, rgb(255, 255, 255) 40%, rgba(69, 58, 148, 0) 40%);\"><\/div>\n        <\/div>\n      <\/div>\n    <\/div>\n    <!---->\n    <div class=\"h-section-grid-container h-section-boxed-container\">\n      <!---->\n      <div data-colibri-id=\"58-c11\" class=\"h-row-container gutters-row-lg-2 gutters-row-md-2 gutters-row-2 gutters-row-v-lg-2 gutters-row-v-md-2 gutters-row-v-2 style-1225 style-local-58-c11 position-relative\">\n        <!---->\n        <div class=\"h-row justify-content-lg-end justify-content-md-end justify-content-end align-items-lg-stretch align-items-md-stretch align-items-stretch gutters-col-lg-2 gutters-col-md-2 gutters-col-2 gutters-col-v-lg-2 gutters-col-v-md-2 gutters-col-v-2\">\n          <!---->\n          <div class=\"h-column h-column-container d-flex h-col-lg-auto h-col-md-auto h-col-auto style-1226-outer style-local-58-c12-outer\">\n            <div data-colibri-id=\"58-c12\" class=\"d-flex h-flex-basis h-column__inner h-px-lg-0 h-px-md-0 h-px-0 v-inner-lg-0 v-inner-md-0 v-inner-0 style-1226 style-local-58-c12 position-relative\">\n              <!---->\n              <!---->\n              <div class=\"w-100 h-y-container h-column__content h-column__v-align flex-basis-100 align-self-lg-center align-self-md-center align-self-center\">\n                <!---->\n                <div data-colibri-id=\"58-c13\" class=\"h-global-transition-all h-heading style-1227 style-local-58-c13 position-relative h-element\">\n                  <!---->\n                  <!---->\n                  <h6 class=\"\"><span style=\"font-weight: 600;\">D\u0130N\u0130N D\u0130RE\u011e\u0130 OLAN BE\u015e VAK\u0130T NAMAZ<\/span><\/h6>\n                <\/div>\n                <div data-colibri-id=\"58-c14\" class=\"h-global-transition-all h-heading style-1228 style-local-58-c14 position-relative h-element\">\n                  <!---->\n                  <!---->\n                  <h2 class=\"\"><span style=\"font-weight: 300;\">All\u00e2h\u00fc Te\u00e2l\u00e2\u2019ya ve Peygamber Efendimiz\u2019e (s.a.v.) \u00eem\u00e2ndan sonra \u0130sl\u00e2m\u2019\u0131n \u015fartlar\u0131n\u0131n en b\u00fcy\u00fc\u011f\u00fc ve en m\u00fchimi namazd\u0131r. Namaz \u00eem\u00e2n\u0131n al\u00e2metidir. B\u00fct\u00fcn peygamberler \u00fcmmetlerine namaz\u0131 en faziletli ib\u00e2det olarak bildirmi\u015flerdir.Camiimizde namaz k\u0131lmaya \u00f6ng\u00f6r\u00fclen yerler t\u00fcm insanlar\u0131n ziyaretine a\u00e7\u0131kt\u0131r. M\u00fcsl\u00fcmanlara cemaat ile k\u0131l\u0131nan vakit namazlar\u0131na i\u015ftirak imkan\u0131 sa\u011flanm\u0131\u015ft\u0131r.<\/span><\/h2>\n                <\/div>\n              <\/div>\n            <\/div>\n          <\/div>\n        <\/div>\n      <\/div>\n    <\/div>\n  <\/div>\n<\/div>","protected":false},"excerpt":{"rendered":"<p>Ayet-i Kerime \u062a\u0652\u0644\u064f \u0645\u064e\u0627 \u0623\u064f\u0648\u062d\u0650\u064a\u064e \u0625\u0650\u0644\u064e\u064a\u0652\u0643\u064e \u0645\u0650\u0646\u064e \u0627\u0644\u0652\u0643\u0650\u062a\u064e\u0627\u0628\u0650 \u0648\u064e\u0623\u064e\u0642\u0650\u0645\u0650 \u0627\u0644\u0635\u0651\u064e\u0644\u064e\u0627\u0629\u064e&nbsp;\u06d6&nbsp;\u0625\u0650\u0646\u0651\u064e \u0627\u0644\u0635\u0651\u064e\u0644\u064e\u0627\u0629\u064e \u062a\u064e\u0646\u0652\u0647\u064e\u0649\u0670 \u0639\u064e\u0646\u0650 \u0627\u0644\u0652\u0641\u064e\u062d\u0652\u0634\u064e\u0627\u0621\u0650 \u0648\u064e\u0627\u0644\u0652\u0645\u064f\u0646\u0643\u064e\u0631\u0650 Sana vahyedilen Kitab\u0131 oku ve namaz\u0131 k\u0131l. Muhakkak ki namaz hayas\u0131zl\u0131ktan ve k\u00f6t\u00fcl\u00fckten al\u0131koyar. Ankebut 29, 45 Hadis-i \u015eerif &#8220;\u0130bni Mes\u2019ud rad\u0131yallahu anh \u015f\u00f6yle dedi: Res\u00fblullah sallallahu aleyhi ve sellem\u2019e:&nbsp;\u2013 Hangi ameller daha faziletlidir? diye sordum. \u2013 \u201cVaktinde k\u0131l\u0131nan namaz\u201d [&hellip;]<\/p>\n","protected":false},"author":1,"featured_media":0,"parent":54,"menu_order":0,"comment_status":"closed","ping_status":"closed","template":"page-templates\/full-width-page.php","meta":{"_joinchat":[],"footnotes":""},"class_list":["post-58","page","type-page","status-publish","hentry"],"_links":{"self":[{"href":"https:\/\/ehrenfeld.vikz.de\/index.php?rest_route=\/wp\/v2\/pages\/58","targetHints":{"allow":["GET"]}}],"collection":[{"href":"https:\/\/ehrenfeld.vikz.de\/index.php?rest_route=\/wp\/v2\/pages"}],"about":[{"href":"https:\/\/ehrenfeld.vikz.de\/index.php?rest_route=\/wp\/v2\/types\/page"}],"author":[{"embeddable":true,"href":"https:\/\/ehrenfeld.vikz.de\/index.php?rest_route=\/wp\/v2\/users\/1"}],"replies":[{"embeddable":true,"href":"https:\/\/ehrenfeld.vikz.de\/index.php?rest_route=%2Fwp%2Fv2%2Fcomments&post=58"}],"version-history":[{"count":7,"href":"https:\/\/ehrenfeld.vikz.de\/index.php?rest_route=\/wp\/v2\/pages\/58\/revisions"}],"predecessor-version":[{"id":3134,"href":"https:\/\/ehrenfeld.vikz.de\/index.php?rest_route=\/wp\/v2\/pages\/58\/revisions\/3134"}],"up":[{"embeddable":true,"href":"https:\/\/ehrenfeld.vikz.de\/index.php?rest_route=\/wp\/v2\/pages\/54"}],"wp:attachment":[{"href":"https:\/\/ehrenfeld.vikz.de\/index.php?rest_route=%2Fwp%2Fv2%2Fmedia&parent=58"}],"curies":[{"name":"wp","href":"https:\/\/api.w.org\/{rel}","templated":true}]}}