{"id":60,"date":"2020-04-18T14:09:14","date_gmt":"2020-04-18T14:09:14","guid":{"rendered":"http:\/\/ebkv.tombaklar.com\/?page_id=60"},"modified":"2020-05-15T17:20:38","modified_gmt":"2020-05-15T17:20:38","slug":"cuma-namazi","status":"publish","type":"page","link":"https:\/\/ehrenfeld.vikz.de\/?page_id=60","title":{"rendered":"Cuma namaz\u0131"},"content":{"rendered":"<div data-colibri-id=\"60-c1\" class=\"style-1231 style-local-60-c1 position-relative\">\n  <!---->\n  <div data-colibri-component=\"section\" data-colibri-id=\"60-c2\" id=\"reusable-sections-2\" class=\"h-section h-section-global-spacing d-flex align-items-lg-center align-items-md-center align-items-center style-1241 style-local-60-c2 position-relative\">\n    <!---->\n    <!---->\n    <div class=\"h-section-grid-container h-section-boxed-container\">\n      <!---->\n      <div data-colibri-id=\"60-c3\" class=\"h-row-container gutters-row-lg-2 gutters-row-md-2 gutters-row-0 gutters-row-v-lg-2 gutters-row-v-md-2 gutters-row-v-2 style-1242 style-local-60-c3 position-relative\">\n        <!---->\n        <div class=\"h-row justify-content-lg-center justify-content-md-center justify-content-center align-items-lg-stretch align-items-md-stretch align-items-stretch gutters-col-lg-2 gutters-col-md-2 gutters-col-0 gutters-col-v-lg-2 gutters-col-v-md-2 gutters-col-v-2\">\n          <!---->\n          <div class=\"h-column h-column-container d-flex h-col-lg-auto h-col-md-auto h-col-auto style-1243-outer style-local-60-c4-outer\">\n            <div data-colibri-id=\"60-c4\" class=\"d-flex h-flex-basis h-column__inner h-px-lg-2 h-px-md-2 h-px-2 v-inner-lg-2 v-inner-md-2 v-inner-2 style-1243 style-local-60-c4 position-relative\">\n              <!---->\n              <!---->\n              <div class=\"w-100 h-y-container h-column__content h-column__v-align flex-basis-100 align-self-lg-start align-self-md-start align-self-start\">\n                <!---->\n                <div data-colibri-id=\"60-c5\" class=\"h-global-transition-all h-heading style-1244 style-local-60-c5 position-relative h-element\">\n                  <!---->\n                  <div class=\"h-heading__outer style-1244 style-local-60-c5\">\n                    <!---->\n                    <!---->\n                    <h1 class=\"\"><span style=\"font-family: Akronim;\">Ayet-i Kerime<\/span><\/h1>\n                  <\/div>\n                <\/div>\n                <div data-colibri-id=\"60-c6\" class=\"h-text h-text-component style-1245 style-local-60-c6 position-relative h-element\">\n                  <!---->\n                  <!---->\n                  <div class=\"\">\n                    <p>\u064a\u064e\u0640\u0670\u0653\u0623\u064e\u064a\u064f\u0651\u06c1\u064e\u0627 \u0671\u0644\u064e\u0651\u0630\u0650\u064a\u0646\u064e \u0621\u064e\u0627\u0645\u064e\u0646\u064f\u0648\u0653\u0627\u0652 \u0625\u0650\u0630\u064e\u0627 \u0646\u064f\u0648\u062f\u0650\u0649\u064e \u0644\u0650\u0644\u0635\u064e\u0651\u0644\u064e\u0648\u0670\u0629\u0650 \u0645\u0650\u0646 \u064a\u064e\u0648\u06e1\u0645\u0650 \u0671\u0644\u06e1\u062c\u064f\u0645\u064f\u0639\u064e\u0629\u0650 \u0641\u064e\u0671\u0633\u06e1\u0639\u064e\u0648\u06e1\u0627\u0652 \u0625\u0650\u0644\u064e\u0649\u0670 \u0630\u0650\u0643\u06e1\u0631\u0650 \u0671\u0644\u0644\u064e\u0651\u0647\u0650 \u0648\u064e\u0630\u064e\u0631\u064f\u0648\u0627\u0652 \u0671\u0644\u06e1\u0628\u064e\u064a\u06e1\u0639\u064e\u200c\u06da \u0630\u064e\u0672\u0644\u0650\u0643\u064f\u0645\u06e1 \u062e\u064e\u064a\u06e1\u0631\u064c\u06ec \u0644\u064e\u0651\u0643\u064f\u0645\u06e1 \u0625\u0650\u0646 \u0643\u064f\u0646\u062a\u064f\u0645\u06e1 \u062a\u064e\u0639\u06e1\u0644\u064e\u0645\u064f\u0648\u0646\u064e\n                      <br>\u201c<span style=\"font-weight: 600;\">Ey iman edenler! Cuma g\u00fcn\u00fc namaz i\u00e7in ezan okundu\u011fu zaman, hemen All\u00e2h\u2019\u0131 zikretmeye ko\u015fun ve al\u0131\u015f-veri\u015fi b\u0131rak\u0131n. E\u011fer bilmi\u015f olsan\u0131z, elbette bu, sizin i\u00e7in daha hay\u0131rl\u0131d\u0131r.<\/span>\u201d <\/p>\n                  <\/div>\n                <\/div>\n              <\/div>\n            <\/div>\n          <\/div>\n          <div class=\"h-column h-column-container d-flex h-col-lg-auto h-col-md-auto h-col-auto style-1246-outer style-local-60-c7-outer\">\n            <div data-colibri-id=\"60-c7\" class=\"d-flex h-flex-basis h-column__inner h-px-lg-2 h-px-md-2 h-px-2 v-inner-lg-2 v-inner-md-2 v-inner-2 style-1246 style-local-60-c7 position-relative\">\n              <!---->\n              <!---->\n              <div class=\"w-100 h-y-container h-column__content h-column__v-align flex-basis-100 align-self-lg-start align-self-md-start align-self-start\">\n                <!---->\n                <div data-colibri-id=\"60-c8\" class=\"h-global-transition-all h-heading style-1244 style-local-60-c8 position-relative h-element\">\n                  <!---->\n                  <div class=\"h-heading__outer style-1244 style-local-60-c8\">\n                    <!---->\n                    <!---->\n                    <h1 class=\"\"><span style=\"font-family: Akronim;\">Hadis-i \u015eerif<\/span><\/h1>\n                  <\/div>\n                <\/div>\n                <div data-colibri-id=\"60-c9\" class=\"h-text h-text-component style-1247 style-local-60-c9 position-relative h-element\">\n                  <!---->\n                  <!---->\n                  <div class=\"\">\n                    <p>Sahih-i Buh\u00e2r\u00ee\u2019de ge\u00e7en bir hadis-i \u015ferifte: \u201c<span style=\"font-weight: 600;\">Bir kimse Cuma g\u00fcn\u00fc gus\u00fcl abdesti alarak elinden geldi\u011fince temizlenir, sa\u00e7\u0131n\u0131 sakal\u0131n\u0131 ya\u011flay\u0131p tarar veya evindeki g\u00fczel kokudan s\u00fcr\u00fcnd\u00fckten sonra camiye gider, fakat orada yan yana oturan iki kimsenin aras\u0131n\u0131 a\u00e7maz, sonra All\u00e2h\u00fc Teal\u00e2\u2019n\u0131n kendisine takdir etti\u011fi kadar namaz k\u0131lar, daha sonra sesini \u00e7\u0131karmadan imam\u0131 dinlerse, o cumadan \u00f6teki cumaya kadar olan g\u00fcnahlar\u0131 ba\u011f\u0131\u015flan\u0131r.<\/span>\u201d\n                      buyurulmaktad\u0131r\n                      <br>(Sahih-i Buh\u00e2r\u00ee, Cuma 6, 19)<\/p>\n                  <\/div>\n                <\/div>\n              <\/div>\n            <\/div>\n          <\/div>\n        <\/div>\n      <\/div>\n    <\/div>\n  <\/div>\n  <div data-colibri-component=\"section\" data-colibri-id=\"60-c10\" id=\"reusable-sections\" class=\"h-section h-section-global-spacing d-flex align-items-lg-center align-items-md-center align-items-center style-1236 style-local-60-c10 position-relative\">\n    <div class=\"background-wrapper\">\n      <div class=\"background-layer background-layer-media-container-lg\">\n        <!---->\n        <div class=\"overlay-layer\">\n          <div class=\"overlay-image-layer\" style=\"background-image: linear-gradient(-90deg, rgb(255, 255, 255) 40%, rgba(69, 58, 148, 0) 40%);\"><\/div>\n        <\/div>\n      <\/div>\n      <div class=\"background-layer background-layer-media-container-md\">\n        <!---->\n        <div class=\"overlay-layer\">\n          <div class=\"overlay-image-layer\" style=\"background-image: linear-gradient(-90deg, rgb(255, 255, 255) 40%, rgba(69, 58, 148, 0) 40%);\"><\/div>\n        <\/div>\n      <\/div>\n      <div class=\"background-layer background-layer-media-container\">\n        <!---->\n        <div class=\"overlay-layer\">\n          <div class=\"overlay-image-layer\" style=\"background-image: linear-gradient(-90deg, rgb(255, 255, 255) 40%, rgba(69, 58, 148, 0) 40%);\"><\/div>\n        <\/div>\n      <\/div>\n    <\/div>\n    <!---->\n    <div class=\"h-section-grid-container h-section-boxed-container\">\n      <!---->\n      <div data-colibri-id=\"60-c11\" class=\"h-row-container gutters-row-lg-2 gutters-row-md-2 gutters-row-2 gutters-row-v-lg-2 gutters-row-v-md-2 gutters-row-v-2 style-1237 style-local-60-c11 position-relative\">\n        <!---->\n        <div class=\"h-row justify-content-lg-end justify-content-md-end justify-content-end align-items-lg-stretch align-items-md-stretch align-items-stretch gutters-col-lg-2 gutters-col-md-2 gutters-col-2 gutters-col-v-lg-2 gutters-col-v-md-2 gutters-col-v-2\">\n          <!---->\n          <div class=\"h-column h-column-container d-flex h-col-lg-auto h-col-md-auto h-col-auto style-1238-outer style-local-60-c12-outer\">\n            <div data-colibri-id=\"60-c12\" class=\"d-flex h-flex-basis h-column__inner h-px-lg-0 h-px-md-0 h-px-0 v-inner-lg-0 v-inner-md-0 v-inner-0 style-1238 style-local-60-c12 position-relative\">\n              <!---->\n              <!---->\n              <div class=\"w-100 h-y-container h-column__content h-column__v-align flex-basis-100 align-self-lg-center align-self-md-center align-self-center\">\n                <!---->\n                <div data-colibri-id=\"60-c13\" class=\"h-global-transition-all h-heading style-1239 style-local-60-c13 position-relative h-element\">\n                  <!---->\n                  <div class=\"h-heading__outer style-1239 style-local-60-c13\">\n                    <!---->\n                    <!---->\n                    <h6 class=\"\"><span style=\"font-weight: 600;\">CUMA NAMAZI<\/span><\/h6>\n                  <\/div>\n                <\/div>\n                <div data-colibri-id=\"60-c14\" class=\"h-global-transition-all h-heading style-1240 style-local-60-c14 position-relative h-element\">\n                  <!---->\n                  <div class=\"h-heading__outer style-1240 style-local-60-c14\">\n                    <!---->\n                    <!---->\n                    <h2 class=\"\"><span style=\"font-weight: 300;\">Cuma namaz\u0131, cuma g\u00fcn\u00fc \u00f6\u011fle vakti cem\u00e2atle k\u0131l\u0131nmas\u0131 farz olan bir namazd\u0131r. Be\u015f vakit namazlar ile birlikte camiimizde Cuma namaz\u0131da cemaatle k\u0131l\u0131nmakta ve ayr\u0131ca Hutbe T\u00fcrk\u00e7e&#8217;ye ilaveten Almanca olarak okunmaktad\u0131r. B\u00f6ylelikle cemaatimizin Cuma Hutbesini daha iyi anlamas\u0131na vesile olunmaktad\u0131r.Ramazan ay\u0131nda k\u0131l\u0131nan Teravih namaz\u0131 ve Bayram namaz\u0131da cemaatle icra edilmektedir. Kurban bayram\u0131da ayn\u0131 uygulamaya tabiidir.<\/span><\/h2>\n                  <\/div>\n                <\/div>\n              <\/div>\n            <\/div>\n          <\/div>\n        <\/div>\n      <\/div>\n    <\/div>\n  <\/div>\n  <div data-colibri-component=\"section\" data-colibri-id=\"60-c35\" id=\"custom\" class=\"h-section h-section-global-spacing d-flex align-items-lg-center align-items-md-center align-items-center style-1925 style-local-60-c35 position-relative\">\n    <!---->\n    <!---->\n    <div class=\"h-section-grid-container h-section-boxed-container\">\n      <!---->\n      <div data-colibri-id=\"60-c36\" class=\"h-row-container gutters-row-lg-2 gutters-row-md-2 gutters-row-0 gutters-row-v-lg-2 gutters-row-v-md-2 gutters-row-v-2 style-1926 style-local-60-c36 position-relative\">\n        <!---->\n        <div class=\"h-row justify-content-lg-center justify-content-md-center justify-content-center align-items-lg-stretch align-items-md-stretch align-items-stretch gutters-col-lg-2 gutters-col-md-2 gutters-col-0 gutters-col-v-lg-2 gutters-col-v-md-2 gutters-col-v-2\">\n          <!---->\n          <div class=\"h-column h-column-container d-flex h-col-lg-auto h-col-md-auto h-col-auto style-1927-outer style-local-60-c37-outer\">\n            <div data-colibri-id=\"60-c37\" class=\"d-flex h-flex-basis h-column__inner h-px-lg-2 h-px-md-2 h-px-2 v-inner-lg-2 v-inner-md-2 v-inner-2 style-1927 style-local-60-c37 position-relative\">\n              <!---->\n              <!---->\n              <div class=\"w-100 h-y-container h-column__content h-column__v-align flex-basis-100 align-self-lg-start align-self-md-start align-self-start\">\n                <!---->\n                <div data-colibri-id=\"60-c38\" class=\"style-1928 style-local-60-c38 position-relative h-element\">\n                  <!---->\n                  <div class=\"\"><iframe loading=\"lazy\" src=\"https:\/\/docs.google.com\/forms\/d\/e\/1FAIpQLScMyAEiNuIUEnlvszYni6RF5wbbztCtt_1PjqjQSh7LCSetEg\/viewform?embedded=true\" width=\"840\" height=\"1700\" frameborder=\"0\" marginheight=\"0\" marginwidth=\"0\">Wird geladen\u2026<\/iframe><\/div>\n                <\/div>\n              <\/div>\n            <\/div>\n          <\/div>\n        <\/div>\n      <\/div>\n    <\/div>\n  <\/div>\n<\/div>","protected":false},"excerpt":{"rendered":"<p>Ayet-i Kerime \u064a\u064e\u0640\u0670\u0653\u0623\u064e\u064a\u064f\u0651\u06c1\u064e\u0627 \u0671\u0644\u064e\u0651\u0630\u0650\u064a\u0646\u064e \u0621\u064e\u0627\u0645\u064e\u0646\u064f\u0648\u0653\u0627\u0652 \u0625\u0650\u0630\u064e\u0627 \u0646\u064f\u0648\u062f\u0650\u0649\u064e \u0644\u0650\u0644\u0635\u064e\u0651\u0644\u064e\u0648\u0670\u0629\u0650 \u0645\u0650\u0646 \u064a\u064e\u0648\u06e1\u0645\u0650 \u0671\u0644\u06e1\u062c\u064f\u0645\u064f\u0639\u064e\u0629\u0650 \u0641\u064e\u0671\u0633\u06e1\u0639\u064e\u0648\u06e1\u0627\u0652 \u0625\u0650\u0644\u064e\u0649\u0670 \u0630\u0650\u0643\u06e1\u0631\u0650 \u0671\u0644\u0644\u064e\u0651\u0647\u0650 \u0648\u064e\u0630\u064e\u0631\u064f\u0648\u0627\u0652 \u0671\u0644\u06e1\u0628\u064e\u064a\u06e1\u0639\u064e\u200c\u06da \u0630\u064e\u0672\u0644\u0650\u0643\u064f\u0645\u06e1 \u062e\u064e\u064a\u06e1\u0631\u064c\u06ec \u0644\u064e\u0651\u0643\u064f\u0645\u06e1 \u0625\u0650\u0646 \u0643\u064f\u0646\u062a\u064f\u0645\u06e1 \u062a\u064e\u0639\u06e1\u0644\u064e\u0645\u064f\u0648\u0646\u064e \u201cEy iman edenler! Cuma g\u00fcn\u00fc namaz i\u00e7in ezan okundu\u011fu zaman, hemen All\u00e2h\u2019\u0131 zikretmeye ko\u015fun ve al\u0131\u015f-veri\u015fi b\u0131rak\u0131n. E\u011fer bilmi\u015f olsan\u0131z, elbette bu, sizin i\u00e7in daha hay\u0131rl\u0131d\u0131r.\u201d Hadis-i \u015eerif Sahih-i Buh\u00e2r\u00ee\u2019de ge\u00e7en bir [&hellip;]<\/p>\n","protected":false},"author":1,"featured_media":0,"parent":54,"menu_order":0,"comment_status":"closed","ping_status":"closed","template":"page-templates\/full-width-page.php","meta":{"_joinchat":[],"footnotes":""},"class_list":["post-60","page","type-page","status-publish","hentry"],"_links":{"self":[{"href":"https:\/\/ehrenfeld.vikz.de\/index.php?rest_route=\/wp\/v2\/pages\/60","targetHints":{"allow":["GET"]}}],"collection":[{"href":"https:\/\/ehrenfeld.vikz.de\/index.php?rest_route=\/wp\/v2\/pages"}],"about":[{"href":"https:\/\/ehrenfeld.vikz.de\/index.php?rest_route=\/wp\/v2\/types\/page"}],"author":[{"embeddable":true,"href":"https:\/\/ehrenfeld.vikz.de\/index.php?rest_route=\/wp\/v2\/users\/1"}],"replies":[{"embeddable":true,"href":"https:\/\/ehrenfeld.vikz.de\/index.php?rest_route=%2Fwp%2Fv2%2Fcomments&post=60"}],"version-history":[{"count":7,"href":"https:\/\/ehrenfeld.vikz.de\/index.php?rest_route=\/wp\/v2\/pages\/60\/revisions"}],"predecessor-version":[{"id":4871,"href":"https:\/\/ehrenfeld.vikz.de\/index.php?rest_route=\/wp\/v2\/pages\/60\/revisions\/4871"}],"up":[{"embeddable":true,"href":"https:\/\/ehrenfeld.vikz.de\/index.php?rest_route=\/wp\/v2\/pages\/54"}],"wp:attachment":[{"href":"https:\/\/ehrenfeld.vikz.de\/index.php?rest_route=%2Fwp%2Fv2%2Fmedia&parent=60"}],"curies":[{"name":"wp","href":"https:\/\/api.w.org\/{rel}","templated":true}]}}