{"id":74,"date":"2020-04-18T14:14:29","date_gmt":"2020-04-18T14:14:29","guid":{"rendered":"http:\/\/ebkv.tombaklar.com\/?page_id=74"},"modified":"2020-04-23T23:40:19","modified_gmt":"2020-04-23T23:40:19","slug":"kandiller","status":"publish","type":"page","link":"https:\/\/ehrenfeld.vikz.de\/?page_id=74","title":{"rendered":"Kandiller"},"content":{"rendered":"<div data-colibri-id=\"74-c1\" class=\"style-1282 style-local-74-c1 position-relative\">\n  <!---->\n  <div data-colibri-component=\"section\" data-colibri-id=\"74-c2\" id=\"reusable-sections\" class=\"h-section h-section-global-spacing d-flex align-items-lg-center align-items-md-center align-items-center style-1283 style-local-74-c2 position-relative\">\n    <!---->\n    <!---->\n    <div class=\"h-section-grid-container h-section-boxed-container\">\n      <!---->\n      <div data-colibri-id=\"74-c3\" class=\"h-row-container gutters-row-lg-2 gutters-row-md-2 gutters-row-0 gutters-row-v-lg-2 gutters-row-v-md-2 gutters-row-v-2 style-1284 style-local-74-c3 position-relative\">\n        <!---->\n        <div class=\"h-row justify-content-lg-center justify-content-md-center justify-content-center align-items-lg-stretch align-items-md-stretch align-items-stretch gutters-col-lg-2 gutters-col-md-2 gutters-col-0 gutters-col-v-lg-2 gutters-col-v-md-2 gutters-col-v-2\">\n          <!---->\n          <div class=\"h-column h-column-container d-flex h-col-lg-12 h-col-md-12 h-col-12 style-1288-outer style-local-74-c7-outer\">\n            <div data-colibri-id=\"74-c7\" class=\"d-flex h-flex-basis h-column__inner h-px-lg-2 h-px-md-2 h-px-2 v-inner-lg-2 v-inner-md-2 v-inner-2 style-1288 style-local-74-c7 position-relative\">\n              <!---->\n              <!---->\n              <div class=\"w-100 h-y-container h-column__content h-column__v-align flex-basis-100 align-self-lg-start align-self-md-start align-self-start\">\n                <!---->\n                <div data-colibri-id=\"74-c8\" class=\"h-global-transition-all h-heading style-1286 style-local-74-c8 position-relative h-element\">\n                  <!---->\n                  <!---->\n                  <h1 class=\"\"><span style=\"font-family: Akronim;\">Hadis-i \u015eerif<\/span><\/h1>\n                <\/div>\n                <div data-colibri-id=\"74-c9\" class=\"h-text h-text-component style-1289 style-local-74-c9 position-relative h-element\">\n                  <!---->\n                  <!---->\n                  <div class=\"\">\n                    <p>\u0642\u064e\u0627\u0644\u064e \u0631\u064e\u0633\u064f\u0648\u0644\u064f \u0627\u0644\u0644\u0647\u0650 \u0635\u064e\u0644\u064e\u0651\u0649 \u0627\u0644\u0644\u0647\u064f \u0639\u064e\u0644\u064e\u064a\u0652\u0647\u0650 \u0648\u064e \u0633\u064e\u0644\u064e\u0651\u0645\u064e: \u0625\u0650\u0646\u064e\u0651 \u0627\u0644\u0644\u064e\u0651\u0647\u064e \u0639\u064e\u0632\u064e\u0651 \u0648\u064e\u062c\u064e\u0644\u064e\u0651 \u064a\u064e\u0646\u0652\u0632\u0650\u0644\u064f \u0625\u0650\u0644\u064e\u0649 \u0627\u0644\u0633\u064e\u0651\u0645\u064e\u0627\u0621\u0650 \u0627\u0644\u062f\u064f\u0651\u0646\u0652\u064a\u064e\u0627 \u0644\u064e\u064a\u0652\u0644\u064e\u0629\u064e \u0627\u0644\u0646\u0650\u0651\u0635\u0652\u0641\u0650 \u0645\u0650\u0646\u0652 \u0634\u064e\u0639\u0652\u0628\u064e\u0627\u0646\u064e \u060c \u0641\u064e\u064a\u064e\u063a\u0652\u0641\u0650\u0631\u064f \u0644\u0623\u064e\u0643\u0652\u062b\u064e\u0631\u064e \u0645\u0650\u0646\u0652 \u0639\u064e\u062f\u064e\u062f\u0650 \u0634\u064e\u0639\u0652\u0631\u0650 \u063a\u064e\u0646\u064e\u0645\u0650 \u0643\u064e\u0644\u0652\u0628\u064d\n                      <br> \u201c<span style=\"font-weight: 600;\">\u015ea\u2019b\u00e2n\u0131n yar\u0131 (onbe\u015finci) gecesi oldu\u011fu vakit, gecesinde (ib\u00e2det i\u00e7in) kalk\u0131n\u0131z. G\u00fcnd\u00fcz\u00fcnde oru\u00e7 tutunuz. Zir\u00e2 All\u00e2h\u00fc Te\u00e2l\u00e2 g\u00fcne\u015fin bat\u0131\u015f\u0131 ile (beraber) d\u00fcny\u00e2 sem\u00e2s\u0131na rahmetiyle tecelli eder de (\u015f\u00f6yle) buyurur: Bir ma\u011ffiret dileyen yok mu onu ba\u011f\u0131\u015flayay\u0131m! Bir r\u0131z\u0131k isteyecek yok mu ona r\u0131z\u0131k vereyim! Bir dertli yok mu (istesin de) \u00e2fiyet vereyim! Bu (d\u00e2vet) tanyeri a\u011far\u0131ncaya kadar devam eder.<\/span>\u201d\n                      <br>\u0130bn-i M\u00e2ce,c.1,s.444<\/p>\n                  <\/div>\n                <\/div>\n              <\/div>\n            <\/div>\n          <\/div>\n        <\/div>\n      <\/div>\n    <\/div>\n  <\/div>\n<\/div>","protected":false},"excerpt":{"rendered":"<p>Hadis-i \u015eerif \u0642\u064e\u0627\u0644\u064e \u0631\u064e\u0633\u064f\u0648\u0644\u064f \u0627\u0644\u0644\u0647\u0650 \u0635\u064e\u0644\u064e\u0651\u0649 \u0627\u0644\u0644\u0647\u064f \u0639\u064e\u0644\u064e\u064a\u0652\u0647\u0650 \u0648\u064e \u0633\u064e\u0644\u064e\u0651\u0645\u064e: \u0625\u0650\u0646\u064e\u0651 \u0627\u0644\u0644\u064e\u0651\u0647\u064e \u0639\u064e\u0632\u064e\u0651 \u0648\u064e\u062c\u064e\u0644\u064e\u0651 \u064a\u064e\u0646\u0652\u0632\u0650\u0644\u064f \u0625\u0650\u0644\u064e\u0649 \u0627\u0644\u0633\u064e\u0651\u0645\u064e\u0627\u0621\u0650 \u0627\u0644\u062f\u064f\u0651\u0646\u0652\u064a\u064e\u0627 \u0644\u064e\u064a\u0652\u0644\u064e\u0629\u064e \u0627\u0644\u0646\u0650\u0651\u0635\u0652\u0641\u0650 \u0645\u0650\u0646\u0652 \u0634\u064e\u0639\u0652\u0628\u064e\u0627\u0646\u064e \u060c \u0641\u064e\u064a\u064e\u063a\u0652\u0641\u0650\u0631\u064f \u0644\u0623\u064e\u0643\u0652\u062b\u064e\u0631\u064e \u0645\u0650\u0646\u0652 \u0639\u064e\u062f\u064e\u062f\u0650 \u0634\u064e\u0639\u0652\u0631\u0650 \u063a\u064e\u0646\u064e\u0645\u0650 \u0643\u064e\u0644\u0652\u0628\u064d \u201c\u015ea\u2019b\u00e2n\u0131n yar\u0131 (onbe\u015finci) gecesi oldu\u011fu vakit, gecesinde (ib\u00e2det i\u00e7in) kalk\u0131n\u0131z. G\u00fcnd\u00fcz\u00fcnde oru\u00e7 tutunuz. Zir\u00e2 All\u00e2h\u00fc Te\u00e2l\u00e2 g\u00fcne\u015fin bat\u0131\u015f\u0131 ile (beraber) d\u00fcny\u00e2 sem\u00e2s\u0131na rahmetiyle tecelli eder [&hellip;]<\/p>\n","protected":false},"author":1,"featured_media":0,"parent":54,"menu_order":0,"comment_status":"closed","ping_status":"closed","template":"page-templates\/full-width-page.php","meta":{"_joinchat":[],"footnotes":""},"class_list":["post-74","page","type-page","status-publish","hentry"],"_links":{"self":[{"href":"https:\/\/ehrenfeld.vikz.de\/index.php?rest_route=\/wp\/v2\/pages\/74","targetHints":{"allow":["GET"]}}],"collection":[{"href":"https:\/\/ehrenfeld.vikz.de\/index.php?rest_route=\/wp\/v2\/pages"}],"about":[{"href":"https:\/\/ehrenfeld.vikz.de\/index.php?rest_route=\/wp\/v2\/types\/page"}],"author":[{"embeddable":true,"href":"https:\/\/ehrenfeld.vikz.de\/index.php?rest_route=\/wp\/v2\/users\/1"}],"replies":[{"embeddable":true,"href":"https:\/\/ehrenfeld.vikz.de\/index.php?rest_route=%2Fwp%2Fv2%2Fcomments&post=74"}],"version-history":[{"count":3,"href":"https:\/\/ehrenfeld.vikz.de\/index.php?rest_route=\/wp\/v2\/pages\/74\/revisions"}],"predecessor-version":[{"id":3414,"href":"https:\/\/ehrenfeld.vikz.de\/index.php?rest_route=\/wp\/v2\/pages\/74\/revisions\/3414"}],"up":[{"embeddable":true,"href":"https:\/\/ehrenfeld.vikz.de\/index.php?rest_route=\/wp\/v2\/pages\/54"}],"wp:attachment":[{"href":"https:\/\/ehrenfeld.vikz.de\/index.php?rest_route=%2Fwp%2Fv2%2Fmedia&parent=74"}],"curies":[{"name":"wp","href":"https:\/\/api.w.org\/{rel}","templated":true}]}}