{"id":7627,"date":"2021-05-06T20:18:18","date_gmt":"2021-05-06T20:18:18","guid":{"rendered":"https:\/\/ehrenfeld.vikz.de\/?post_type=product&#038;p=7627"},"modified":"2024-03-09T00:58:03","modified_gmt":"2024-03-09T00:58:03","slug":"hafiz-egitim-destegi","status":"publish","type":"product","link":"https:\/\/ehrenfeld.vikz.de\/?product=hafiz-egitim-destegi","title":{"rendered":"Haf\u0131z E\u011fitim Deste\u011fi (6 Ayl\u0131k)"},"content":{"rendered":"","protected":false},"excerpt":{"rendered":"<p>Seninde bir Haf\u0131z\u0131n olsun.<\/p>\n","protected":false},"featured_media":9205,"template":"","meta":{"_joinchat":[]},"product_brand":[],"product_cat":[29],"product_tag":[],"class_list":{"0":"post-7627","1":"product","2":"type-product","3":"status-publish","4":"has-post-thumbnail","6":"product_cat-zekat-fitre","8":"first","9":"instock","10":"virtual","11":"purchasable","12":"product-type-simple"},"_links":{"self":[{"href":"https:\/\/ehrenfeld.vikz.de\/index.php?rest_route=\/wp\/v2\/product\/7627","targetHints":{"allow":["GET"]}}],"collection":[{"href":"https:\/\/ehrenfeld.vikz.de\/index.php?rest_route=\/wp\/v2\/product"}],"about":[{"href":"https:\/\/ehrenfeld.vikz.de\/index.php?rest_route=\/wp\/v2\/types\/product"}],"wp:featuredmedia":[{"embeddable":true,"href":"https:\/\/ehrenfeld.vikz.de\/index.php?rest_route=\/wp\/v2\/media\/9205"}],"wp:attachment":[{"href":"https:\/\/ehrenfeld.vikz.de\/index.php?rest_route=%2Fwp%2Fv2%2Fmedia&parent=7627"}],"wp:term":[{"taxonomy":"product_brand","embeddable":true,"href":"https:\/\/ehrenfeld.vikz.de\/index.php?rest_route=%2Fwp%2Fv2%2Fproduct_brand&post=7627"},{"taxonomy":"product_cat","embeddable":true,"href":"https:\/\/ehrenfeld.vikz.de\/index.php?rest_route=%2Fwp%2Fv2%2Fproduct_cat&post=7627"},{"taxonomy":"product_tag","embeddable":true,"href":"https:\/\/ehrenfeld.vikz.de\/index.php?rest_route=%2Fwp%2Fv2%2Fproduct_tag&post=7627"}],"curies":[{"name":"wp","href":"https:\/\/api.w.org\/{rel}","templated":true}]}}